
Is 9267803081 composite?
False
Is 1118578471 a composite number?
False
Is 4264162534 a prime number?
False
Is 2230761307 a prime number?
True
Is 1686446683 prime?
True
Is 298787887 a prime number?
True
Is 6632203709 a composite number?
True
Is 648075667 composite?
True
Is 2937283619 composite?
False
Is 731345443 prime?
True
Is 986173061 a composite number?
False
Is 1443475157 prime?
True
Is 1841777389 composite?
True
Is 108721042 a composite number?
True
Is 415452677 a composite number?
True
Is 1771356253 composite?
True
Is 9282472109 a composite number?
True
Is 426607117 prime?
True
Is 938598671 prime?
True
Is 1507147357 a composite number?
True
Is 364902401 a composite number?
False
Is 1469818985 composite?
True
Is 233087917 a composite number?
True
Is 3593487083 a composite number?
False
Is 16011521143 composite?
False
Is 52357311493 a composite number?
True
Is 20071359083 prime?
True
Is 215117843 prime?
True
Is 34589724829 prime?
False
Is 1926102791 composite?
False
Is 46585811953 prime?
True
Is 41404479955 prime?
False
Is 884056769 a prime number?
True
Is 486063649 a composite number?
False
Is 437003183 prime?
True
Is 39062352221 a prime number?
True
Is 54454733903 a composite number?
True
Is 9994226831 composite?
False
Is 6704957659 composite?
False
Is 1477990009 prime?
True
Is 5156886283 a prime number?
True
Is 93633861 prime?
False
Is 145992779 composite?
False
Is 16536974133 a composite number?
True
Is 43515333133 composite?
False
Is 2112178969 prime?
True
Is 36422394829 a prime number?
False
Is 268846691 a composite number?
False
Is 36961624309 prime?
True
Is 24983013229 composite?
True
Is 1586949671 prime?
True
Is 9820556269 a prime number?
True
Is 470599721 prime?
False
Is 12151021147 a prime number?
True
Is 539011909 composite?
False
Is 3663624869 a composite number?
True
Is 426054614 prime?
False
Is 75008893759 prime?
False
Is 5628907937 composite?
False
Is 5470934309 a prime number?
False
Is 580466051 a prime number?
False
Is 282712099 prime?
False
Is 3783146989 composite?
False
Is 2512859299 prime?
False
Is 729701249 prime?
True
Is 1913669038 a prime number?
False
Is 67706575247 a prime number?
True
Is 18806953843 a composite number?
True
Is 73813642571 a composite number?
True
Is 3887818009 prime?
False
Is 149453266 a prime number?
False
Is 36613965557 composite?
True
Is 34429730873 prime?
True
Is 18090083357 a composite number?
True
Is 7423391441 a prime number?
True
Is 17538641947 prime?
True
Is 366177401 a prime number?
True
Is 6594983963 a prime number?
True
Is 4268792095 prime?
False
Is 56282679811 prime?
True
Is 1398009947 a composite number?
True
Is 1380748511 prime?
True
Is 4479317 a prime number?
True
Is 18557984087 prime?
True
Is 2996266799 a composite number?
False
Is 389932651 prime?
True
Is 48344857541 a prime number?
True
Is 34460907023 a composite number?
False
Is 528766507 a composite number?
True
Is 7635289303 a prime number?
False
Is 4018137821 composite?
False
Is 303914895767 composite?
True
Is 54392874058 a composite number?
True
Is 263493533 prime?
True
Is 60734971 prime?
False
Is 1198711166 a composite number?
True
Is 223700219 composite?
True
Is 158267121703 prime?
True
Is 2343862253 a prime number?
True
Is 7376981879 composite?
False
Is 535365827 a prime number?
False
Is 146627381 prime?
False
Is 8809279459 a composite number?
True
Is 2336169257 prime?
False
Is 767364179 prime?
True
Is 45409672677 a composite number?
True
Is 1712269651 prime?
False
Is 689190031 a prime number?
True
Is 2161012669 a prime number?
True
Is 158075837 prime?
False
Is 45223109 a composite number?
False
Is 3982566521 composite?
True
Is 2391547493 a composite number?
True
Is 612991607 prime?
False
Is 8115697501 a composite number?
False
Is 5030154827 a prime number?
False
Is 3063444229 prime?
True
Is 1605995551 prime?
False
Is 1943983973 prime?
True
Is 16605767 a composite number?
False
Is 7824724795 composite?
True
Is 18483113863 a composite number?
False
Is 9380414877 composite?
True
Is 4042421113 composite?
False
Is 4178134663 prime?
True
Is 10517219357 a composite number?
False
Is 57467516957 a prime number?
False
Is 1321219433 a prime number?
True
Is 3169713517 a prime number?
True
Is 8500377217 a prime number?
True
Is 527447927 a composite number?
True
Is 1001471623 a composite number?
True
Is 2035094033 prime?
False
Is 309988099 composite?
False
Is 85193833 a prime number?
True
Is 806334857 a composite number?
False
Is 2963834953 a composite number?
False
Is 31534216559 composite?
False
Is 824014634 prime?
False
Is 2310002879 prime?
True
Is 615015757 a composite number?
False
Is 1318963 prime?
True
Is 20064124931 prime?
False
Is 5493627703 composite?
False
Is 716672599 a composite number?
False
Is 689426369 composite?
True
Is 72428230963 a composite number?
True
Is 33939178799 a composite number?
False
Is 11176547791 a prime number?
False
Is 19671988285 prime?
False
Is 15115683085 a composite number?
True
Is 119139299 prime?
True
Is 15520663387 a composite number?
True
Is 2013253811 a composite number?
False
Is 10294500659 a composite number?
False
Is 15268077547 composite?
True
Is 550798091 composite?
True
Is 3305580289 composite?
True
Is 1916364889 a prime number?
True
Is 4650953081 prime?
False
Is 206694593267 a composite number?
False
Is 200991394 a prime number?
False
Is 203689693 prime?
True
Is 19759585129 prime?
False
Is 4393823089 prime?
False
Is 114137663345 a composite number?
True
Is 964880473 prime?
True
Is 27120081187 a prime number?
False
Is 147555295787 a prime number?
False
Is 32416873 composite?
False
Is 1978693447 a prime number?
True
Is 34120233083 a composite number?
False
Is 5854191743 a prime number?
True
Is 42093937661 a composite number?
False
Is 97354259 a composite number?
False
Is 170940391 composite?
False
Is 298240643 composite?
True
Is 61122862769 composite?
False
Is 253630037 a composite number?
False
Is 11428524553 a composite number?
False
Is 31675623923 prime?
True
Is 54942751511 a prime number?
False
Is 518444821 composite?
True
Is 6071305093 a prime number?
False
Is 465417847 prime?
True
Is 2676255731 composite?
False
Is 1971792677 prime?
True
Is 1093692749 a prime number?
True
Is 27709288331 composite?
False
Is 5534896901 a composite number?
True
Is 3381614069 prime?
False
Is 217501171 composite?
False
Is 719715371 prime?
False
Is 10490092937 a prime number?
True
Is 6417233821 a composite number?
False
Is 8741582823 a prime number?
False
Is 22980921077 prime?
True
Is 8108906873 prime?
True
Is 8117195123 composite?
False
Is 549741091 prime?
False
Is 1411848259 a composite number?
False
Is 53370269338 prime?
False
Is 857698711 composite?
True
Is 233872858 a prime number?
False
Is 810140543 composite?
True
Is 1217043743 a composite number?
True
Is 1494924271 composite?
False
Is 108255601 prime?
True
Is 14008670101 composite?
False
Is 1670652671 a prime number?
True
Is 93099753206 a prime number?
False
Is 5651510671 prime?
True
Is 1723627601 prime?
False
Is 630971333 prime?
True
Is 41995141 a prime number?
True
Is 10426033591 a prime number?
False
Is 105663848503 prime?
True
Is 56043134159 composite?
False
Is 9864546947 a composite number?
False
Is 158733877 prime?
False
Is 1333234823 prime?
False
Is 235576669 a prime number?
False
Is 2155676059 composite?
False
Is 55569433693 prime?
False
Is 15719573095 a prime number?
False
Is 709607342 prime?
False
Is 307650274 a prime number?
False
Is 514490318 a composite number?
True
Is 3757983491 a prime number?
True
Is 15042663085 a composite number?
True
Is 41555355641 prime?
False
Is 182498606155 composite?
True
Is 17538527119 a composite number?
False
Is 2966742461 prime?
True
Is 12265130023 a prime number?
True
Is 14137053001 composite?
True
Is 19626448603 composite?
True
Is 1386153163 composite?
True
Is 2031066134 composite?
True
Is 553933759 prime?
True
Is 50761854833 composite?
False
Is 11201446099 composite?
False
Is 3343129297 composite?
False
Is 138768732917 prime?
True
Is 295829173 a composite number?
False
Is 4770693341 composite?
True
Is 1788378469 composite?
True
Is 1484462549 composite?
True
Is 6320381251 composite?
False
Is 15190685651 a prime number?
False
Is 40725299 composite?
False
Is 13309667747 prime?
True
Is 658362773 a